 14*d - 13. Give w(-7).
-209
Let b(w) = w**2 + 23*w - 380. Give b(-34).
-6
Let g(m) = -m - 3. What is g(8)?
-11
Let i(l) = l**3 + 20*l**2 - 16*l + 111. What is i(-21)?
6
Let x(r) = -r**2 + 25*r - 81. Calculate x(21).
3
Let o(x) = 3*x - 30. Determine o(5).
-15
Let s(l) = -l**2 - 110*l - 1349. What is s(-14)?
-5
Let p(k) = -32*k + 26. What is p(1)?
-6
Let b(n) = -2*n**2 + 12*n + 5. Determine b(6).
5
Let c(s) = 3*s**3 - 2*s**2 - 4. Calculate c(2).
12
Let h(f) = f**2 - 15*f - 7. Calculate h(16).
9
Let l(x) = -x**3 - 15*x**2 + 14*x - 37. What is l(-16)?
-5
Let f(i) = -27*i**2 - 2*i - 1. What is f(-1)?
-26
Let t(y) = y**2 - 9*y + 3. Determine t(10).
13
Let h(o) = o**3 - 12*o**2 - 15*o + 31. What is h(13)?
5
Let t(m) = -m**3 + 6*m**2 - 16*m + 25. Calculate t(4).
-7
Let v(z) = -z - 17. Determine v(-7).
-10
Let i(p) = 3*p + 18. Determine i(-7).
-3
Let w(b) = b**2 + 15*b + 55. What is w(-12)?
19
Let d(g) = -2*g - 4. Determine d(6).
-16
Let v(m) = 89*m + 628. Calculate v(-7).
5
Let p(w) = w**2 - 14*w + 8. Give p(13).
-5
Let p(r) = -6*r. Determine p(5).
-30
Let h(a) = a**3 + 7*a**2 + 11*a - 8. What is h(-5)?
-13
Let a(x) = x**3 - 10*x**2 - 10*x + 8. Determine a(11).
19
Let h(t) = t**3 - 5*t**2 + 9*t - 14. What is h(4)?
6
Let m(c) = c**2 - 23*c - 26. What is m(24)?
-2
Let p(j) = -j**3 + 7*j**2 - 6*j - 8. Give p(6).
-8
Let p(x) = 4*x**2 - 7*x + 1. Determine p(-5).
136
Let m(z) = -4*z - 24. Calculate m(0).
-24
Let l(y) = -y**3 + 3*y**2 - 2*y. Calculate l(3).
-6
Let a(y) = 3*y - 15. Give a(7).
6
Let m(h) = 7*h + 13. Give m(-7).
-36
Let f(t) = t**3 - 12*t**2 + 13. Give f(12).
13
Let k(i) = 4*i**2 + 2*i - 1. Calculate k(3).
41
Let s(f) = -f**3 - 4*f**2 - 5. What is s(-4)?
-5
Let n(l) = l**3 + 5*l**2 + 9*l + 1. Give n(-4).
-19
Let k(s) = -s + 5. What is k(2)?
3
Let u(p) = 3*p - 29. What is u(11)?
4
Let h(r) = 13*r + 321. Determine h(-24).
9
Let r(q) = 55*q - 270. Determine r(5).
5
Let a(f) = -f**2 - 31*f - 78. Determine a(-3).
6
Let d(b) = -2*b - 5. Determine d(-5).
5
Let v(u) = 40*u**3 - u**2 - 3*u - 1. Determine v(-1).
-39
Let r(z) = -2*z**2 - z - 4. What is r(-2)?
-10
Let n(u) = u**2 + 3*u - 7. Determine n(-4).
-3
Let q(y) = 2*y**3 + 3*y**2 - 4*y - 2. Give q(-3).
-17
Let i(s) = s**3 - 12*s**2 - 24*s - 28. Give i(14).
28
Let g(w) = -2*w**3 - 14*w**2 + 21*w + 32. What is g(-8)?
-8
Let f(h) = h**3 - 6*h**2 + 3*h + 3. Calculate f(5).
-7
Let y(c) = -9*c + 111. What is y(14)?
-15
Let t(o) = -133*o + 135. Calculate t(1).
2
Let u(f) = f**2 - 5*f - 1. Give u(5).
-1
Let u(g) = -g + 6. Give u(14).
-8
Let v(y) = 2*y**2 - 29*y - 12. Determine v(15).
3
Let h(x) = 7*x**2 - x + 12. What is h(-4)?
128
Let j(g) = -8*g - 5. Calculate j(4).
-37
Let b(x) = 3*x - 10. Calculate b(1).
-7
Let g(d) = d**2 + 33*d - 50. What is g(-30)?
-140
Let c(g) = -g**3 - g**2 + 20*g + 2. Calculate c(-5).
2
Let w(r) = 2*r**3 + 3*r**2 + 3*r + 5. Calculate w(-4).
-87
Let j(b) = -4*b + 46. Give j(11).
2
Let j(u) = -2*u**2 + 40*u - 31. Determine j(19).
7
Let k(t) = -t**3 + 9*t**2 - 17*t + 4. What is k(3)?
7
Let k(a) = 35*a + 1. What is k(1)?
36
Let w(k) = 29*k - 103. Determine w(4).
13
Let a(u) = u**3 - 12*u**2 + 21*u + 17. Calculate a(10).
27
Let u(h) = h - 13. Give u(9).
-4
Let n(y) = -2*y**2 + 4*y - 7. Give n(2).
-7
Let o(y) = y**3 - 6*y**2 - 5*y - 3. Calculate o(6).
-33
Let i(m) = m**3 + 8*m**2 + 2*m - 18. Determine i(-7).
17
Let w(d) = d**3 + 6*d**2 - 2*d - 64. Determine w(-5).
-29
Let l(w) = -w**2 - 5*w + 27. Calculate l(-7).
13
Let r(c) = 4*c + 25. What is r(-2)?
17
Let r(k) = -2*k**3 - 19*k**2 + 14*k + 41. Calculate r(-10).
1
Let z(t) = t**2 - t - 3. Determine z(3).
3
Let a(h) = 24*h + 4. Give a(1).
28
Let g(f) = 7*f**2 + 2. Determine g(3).
65
Let p(n) = -2*n + 63. Give p(21).
21
Let d(o) = o**3 - 30*o**2 + 27*o + 16. What is d(29)?
-42
Let b(y) = -5*y**3 + 4*y**2 - 3*y + 1. Give b(1).
-3
Let f(g) = 2*g + 2. What is f(5)?
12
Let r(t) = -t**3 - 5*t**2 + 9*t + 13. Give r(-6).
-5
Let i(u) = 4*u + 10. Calculate i(-4).
-6
Let c(w) = -3*w**2 + 7*w + 12. What is c(-5)?
-98
Let v(h) = h**2 - 8*h - 44. Calculate v(12).
4
Let l(o) = -2*o**2 - 13*o + 12. Determine l(-8).
-12
Let j(u) = -5*u**2 + 13*u - 32. Give j(3).
-38
Let j(h) = -h - 23. What is j(-15)?
-8
Let r(a) = -13*a**2 + a + 6. Calculate r(0).
6
Let v(k) = 2*k**2 + 6*k + 17. What is v(-4)?
25
Let l(q) = -q**2 + 24. Determine l(-6).
-12
Let h(q) = -q - 3. Give h(4).
-7
Let l(j) = j**3 + 3*j - 2. What is l(2)?
12
Let c(o) = o**2 - 5*o + 6. Determine c(5).
6
Let n(x) = -8*x**2 + x. Calculate n(-1).
-9
Let b(c) = -c**2 + 14*c - 16. Determine b(12).
8
Let o(c) = 2*c**2 - 8*c - 3. What is o(5)?
7
Let z(y) = y - 7. Calculate z(7).
0
Let n(a) = 161*a + 14. Give n(-1).
-147
Let h(b) = b**2 + 4*b - 11. Determine h(-6).
1
Let t(x) = x**3 + 16*x**2 - 19*x - 47. What is t(-17)?
-13
Let z(s) = -s**3 + 5*s**2 + 5*s + 5. Determine z(5).
30
Let g(a) = a**2 - 8*a + 10. Determine g(4).
-6
Let p(a) = -a**3 + 18*a**2 + 19*a + 8. Calculate p(19).
8
Let z(b) = 51*b**3 - 2*b**2 + 2*b - 1. What is z(1)?
50
Let b(o) = -o**2 + 1. Determine b(0).
1
Let q(i) = -i**3 - 11*i**2 - 30*i + 10. Calculate q(-5).
10
Let l(k) = k**2 + 8*k - 2. Give l(-9).
7
Let i(k) = k**2 + 5*k + 3. What is i(-3)?
-3
Let u(o) = -8*o**2 - o - 2. Calculate u(-1).
-9
Let d(y) = -3*y**2 - y + 2. Give d(-2).
-8
Let u(l) = 4*l**2 + 9*l - 3. Determine u(-4).
25
Let q(s) = 11*s - 2. Calculate q(-2).
-24
Let a(u) = u**3 + 7*u**2 - 146*u - 27. Give a(-16).
5
Let s(b) = b**3 + 22*b**2 - 4*b - 31. Determine s(-22).
57
Let d(h) = -h**3 + 6*h**2 - 9*h + 3. Calculate d(2).
1
Let s(t) = t**2 - 7*t + 14. Give s(6).
8
Let l(q) = q**2 + 7*q - 31. Determine l(-9).
-13
Let c(p) = 7*p + 17. Determine c(0).
17
Let i(t) = -t**2 - 5*t + 1. Give i(-5).
1
Let v(c) = 23*c - 432. Calculate v(19).
5
Let z(g) = -g**3 - 11*g**2 + 30*g + 49. What is z(-13)?
-3
Let b(q) = -5*q + 42. Determine b(6).
12
Let i(r) = -r + 40. What is i(8)?
32
Let o(x) = x**3 + 4*x**2 + 2*x + 4. Determine o(-4).
-4
Let h(k) = k**3 - 4*k**2 - 17*k + 33. What is h(6)?
3
Let p(b) = -3*b - 1. Calculate p(1).
-4
Let y(f) = 2*f**3 + 4*f**2 + 7*f + 7. Give y(-2).
-7
Let o(m) = -m + 11. What is o(8)?
3
Let m(p) = 2*p - 26. What is m(10)?
-6
Let a(v) = -4*v - 21. Give a(-5).
-1
Let g(q) = q**2 - 2*q - 3. Give g(-2).
5
Let f(b) = -7*b**2 + 134*b - 15. What is f(19)?
4
Let t(o) = o**2 - 8*o + 6. Give t(6).
-6
Let f(j) = -3*j + 34. Calculate f(12).
-2
Let t(v) = v**2 - 7*v + 7. Calculate t(6).
1
Let w(y) = -y**3 - 4*y**2 + 2*y - 5. Give w(-5).
10
Let x(m) = m**2 - 4*m + 1. Give x(-7).
78
Let o(s) = 3*s**2 - 7*s + 5. Determine o(4).
25
Let j(d) = -58*d**3 - d**2 + 3*d - 3. Determine j(1).
-59
Let z(g) = -3*g**2 + 12*g - 11. Give z(3).
-2
Let t(o) = o**2 + 14*o - 89. What is t(-19)?
6
Let u(z) = z - 42. What is u(-34)?
-76
Let f(w) = 5*w**2 - w - 1. Give f(3).
41
Let m(x) = -7*x - 68. Give m(-3).
-47
Let v(t) = -t**3 + 5*t**2 - 10*t - 4. Determine v(3).
-16
Let b(i) = -i**2 - 29*i - 5. Give b(-28).
23
Let w(i) = -i**2 + 5*i - 19. Determine w(8).
-43
Let f(d) = -35*d + 106. Determine f(5).
-69
Let p(d) = -2*d**3 - 103*d**2 - 54*d - 159. Calculate p(-51).
-6
Let d(t) = -3*t**3 - 2*t + 1. Calculate d(1).
-4
Let v(w) = -w**3 + 15*w**2 - 23*w - 17. Give v(13).
22
Let u(n) = -12*n - 5. What is u(-1)?
7
Let i(r) = -r + 3. What is i(13)?
-10
Let h(d) = 40*d - 74. Determine h(5).
126
Let h(p) = 9*p + 67. What is h(-6)?
13
Let d(k) = -k**2 + 3*k - 4. Give d(3).
-4
Let m(a) = -2*a**2 + 44*a - 35. Calculate m(21).
7
Let p(f) = 6*f**3 + f**2 - 2*f - 1. What is p(2)?
47
Let x(b) = b**2 - 9*b + 3. Give x(6).
-15
Let q(o) = o + 12. What is q(-11)?
1
Let k(r) = 5*r**2 + 30*r - 6. Calculate k(-6).
-6
Let f(o) = 8*o**3 - 10*o - 12. Determine f(-1).
-10
Let w(j) = -j**2 + 13. Give w(-4).
-3
Let z(i) = 8*i**3 + 9*i**2 + 1. What is z(-1)?
2
Let j(k) = -2*k**2 - 5*k + 6. Calculate j(-3).
3
Let o(l) = -l**3 - 6*l**2 - l + 10. Calculate o(-6).
16
Let d(h) = 10*h**2 + 28*h - 2. What is d(-3)?
4
Let m(o) = -o**2 - 28*o - 160. Give m(-7).
-13
Let p(t) = -10*t + 25. Calculate p(2).
5
Let c(i) = 4*i + 12. Determine c(-4).
-4
Let q(m) = m**2 + 11*m + 6. What is q(-6)?
-24
Let q(m) = 5*m - 31. Determine q(5).
-6
Let b(n) = -n**3 - 4*n**2 + 4*n. Determine b(-4).
-16
Let m(y) = y**2 - 78*y - 155. 